*k - 60 = 8*k. What are the prime factors of n?
13
Let k be 3*(-4)/(-6)*-6. Let a be (-6)/(-2)*(-8)/k. Suppose 0 = -0*x + 3*x + 15, 0 = -3*i - a*x + 20. List the prime factors of i.
2, 5
Let x(u) = u**3 - u**2 - 4*u + 5. Let f be 1 - (-2 - 1/1). Let z be x(f). Suppose z = 5*i - 23. List the prime factors of i.
2, 3
Let w = 243 - 155. List the prime factors of w.
2, 11
Suppose -4 = x - 3*x. Let m(z) = -30*z**2 - z + 2. Let v be m(x). List the prime factors of v/(-14) + (-3)/(-7).
3
Let u(v) = v**3 - 7*v**2 + 6*v + 6. Let p be u(6). Suppose 3*w - 2*w - p = 0. List the prime factors of w.
2, 3
Suppose 0 = -4*s - 2*l + 120, -75 = -2*s + l - 19. What are the prime factors of s?
29
Suppose -4*a + 245 = -343. List the prime factors of (-3)/2 - a/(-14).
3
Let n(k) = 15*k**2 - 2*k + 2. Let g be n(1). Suppose 0 = 8*d - 3*d - g. What are the prime factors of d?
3
Suppose 5*k - 134 = -4*g, -3*g - 50 = -k + 2*g. What are the prime factors of k?
2, 3, 5
Let d = 4 - 6. Let w = 7 + d. What are the prime factors of w?
5
Let o be 2/(-1) + 4 + -1. Suppose -o = 2*n - 9. List the prime factors of n.
2
Let z = 4 - -7. Let o = 16 - z. List the prime factors of 0/(-2 + 4) + o.
5
Suppose 3 = 3*i + 24. Let d(g) = 2*g**2 + 6*g - 9. List the prime factors of d(i).
47
Suppose n - 5*i + 4 = -2*i, 4*n + i = 23. Suppose 2*y - 29 = -n*o, -o + 13 = y + 3*o. List the prime factors of y.
17
List the prime factors of ((3 - 1) + 218)*(-3)/(-3).
2, 5, 11
Suppose 2*u + 3*s + 2 - 19 = 0, 0 = -u + 2*s - 2. Let n be (u/(-6))/(3/(-63)). Let t = n + -10. List the prime factors of t.
2
Let g(c) = c + 4. Suppose -5*k + 3*k = -3*q - 11, -5*k - q = -36. What are the prime factors of g(k)?
11
Let u(b) = 11*b**2 + 17*b - 9 - 5*b**2 - 2*b**3 - 7*b. Let z be u(6). What are the prime factors of z/(-12) - (-2)/8?
2, 7
Suppose 0 = -4*l + 7*l - 6. Suppose 6 = l*j - 0. What are the prime factors of j?
3
Let w = -87 - -153. Suppose -4*k + 4*q - 2*q = -w, -4*k + 4*q + 72 = 0. List the prime factors of k.
3, 5
Let l(y) = -16*y + 2. Let k be l(-2). Suppose -3*v = 3*m - 5*m - 25, 4*v - 2*m = k. List the prime factors of v.
3
Let h be (0 - 1) + (-72)/4. Let c = 30 + h. What are the prime factors of c?
11
Suppose 5*g - 2*g = 264. List the prime factors of g.
2, 11
Let u(n) = 4*n**3 - n**2 + 4*n - 4. List the prime factors of u(3).
107
Suppose 0 = l + 4*l - 30. Suppose 5*d = 114 + l. List the prime factors of d.
2, 3
Let v = 85 + -29. What are the prime factors of v?
2, 7
Let a = -7 - -121. What are the prime factors of a?
2, 3, 19
Let q(j) = 10*j**2 + 2*j - 4. List the prime factors of q(3).
2, 23
Suppose -c + 29 = 3*d, 5*c = c - d + 61. What are the prime factors of c?
2, 7
Let x(n) = -3*n - 8. Let g be x(-11). Suppose -5*k = 5 - g. What are the prime factors of k?
2
Let b(m) = m - 14. Let p be b(10). List the prime factors of -1*p/(-2) + 13.
11
Suppose -4*u + 2*u + 45 = -n, 2*u + n - 35 = 0. Suppose 22 = 3*s - u. What are the prime factors of s?
2, 7
Let z be (1 - 3/5)*-5. Let t(q) = q**2 - q - 10. Let y be t(0). Let o = z - y. What are the prime factors of o?
2
Let m be (-2)/5 + 456/15. Suppose -3*i + 70 = 4*u, 3*u - 24 = -3*i + m. List the prime factors of u.
2
List the prime factors of (-80)/32*968/(-10).
2, 11
Suppose 0 = -4*k - k - 15. Let c = k + 22. List the prime factors of c.
19
Let u(t) = -t. Let r be u(3). Let x = r - -8. Suppose -4*j = 3*o - x, -5*j - 20 = -0*j. What are the prime factors of o?
7
Suppose 0 = a + 2*a. Suppose -2*h + a*h + 3*j = -19, 0 = -h - j + 7. What are the prime factors of (34/(-3))/(h/(-12))?
17
Let q(k) = -k**3 + 5*k**2 + 3*k - 5. Let w be q(5). Let j = w + 6. List the prime factors of j.
2
Suppose -2*f + 11 - 3 = 0. Suppose -2*b - 12 = -2*c, -2*b - 22 = -f*c + b. List the prime factors of c.
2
What are the prime factors of ((-86)/8)/(3/(-12))?
43
Let c = 13 + -16. What are the prime factors of 1*3*(-23)/c?
23
Suppose 23 = d + 4*t, -5*d + 35 = 2*t + 2*t. Let z(a) = a**2 - 2*a + 2. What are the prime factors of z(d)?
5
Let a(u) = -u - 10. Let t be -9 + ((-4)/(-2) - 1). Let r be a(t). List the prime factors of (-11)/((-1)/r*-2).
11
Suppose 5*x = -4*y - 5, 3*y - 4*x - 28 - 7 = 0. Suppose a = y*o + 13, -a + 2*o - 6*o - 32 = 0. Let i = -4 - a. List the prime factors of i.
2
Suppose -7*x - 324 = -11*x. What are the prime factors of x?
3
Let t = -2 + 8. Let b(c) = c**2 - 4*c - 2. List the prime factors of b(t).
2, 5
Let x = 4 + -8. What are the prime factors of 3 + (4/x - -54)?
2, 7
Suppose 9*r - 6*r = 432. List the prime factors of r.
2, 3
Let p(y) = y + 2*y - 3 + 5 + 4*y**2. List the prime factors of p(-4).
2, 3
Let n(c) = -c + 3. Let x be n(0). Suppose 6 = x*k - 5*j, -9 = 4*k - 6*k + 5*j. List the prime factors of (1 - 36/k)/1.
13
Let w(d) = d + 46. List the prime factors of w(0).
2, 23
Let t = 450 + -212. What are the prime factors of t?
2, 7, 17
Let z(h) = -10*h - 1. Let v be z(-1). Let s = -1 + 5. Suppose -3*w = -s*o, v + 2 = 5*o - w. List the prime factors of o.
3
Suppose 4*i - 128 = -0*i. Suppose 6 = -2*o + i. List the prime factors of o.
13
Suppose -3*m + 2*m - 48 = 0. List the prime factors of m/(-20) - (-3)/5.
3
Suppose 0*k = 4*k - 4*g - 300, 0 = 4*k - 3*g - 299. What are the prime factors of k?
2, 37
Let j be (-2 - -2) + 4/1. Let h(s) = j + 2*s - s + 0*s. List the prime factors of h(4).
2
Let v = 23 - 12. Let n(f) = f**3 - 10*f**2 - 9*f - 14. List the prime factors of n(v).
2
Let s(f) = -f + 9. Let g be s(9). List the prime factors of (g + -2)*1 - -17.
3, 5
Let p = -5 - -14. Suppose 0*v - 3*v = -p. What are the prime factors of v?
3
Let p(q) = -9*q - 4. Let i be p(-4). Suppose 4*w + 8 = 4*t, -t - w = -0 + 2. Suppose t = -z + 5*z - i. List the prime factors of z.
2
Let u(g) be the third derivative of g**6/120 + 3*g**5/20 + 7*g**4/24 - 2*g**3/3 - 2*g**2. List the prime factors of u(-8).
2
Let x = -23 + 69. Suppose 3*s + 107 = 5*c, s - x = -2*c - s. Suppose -5*b + c = -o - 20, -2*o = b - 15. What are the prime factors of b?
3
Suppose 0 = 3*o + 4*c - 25, -c = -2*o - 5*c + 10. Let i(z) = 3*z + 6. Let q be i(-4). What are the prime factors of (o/q)/((-2)/4)?
5
Let y = 89 - 12. What are the prime factors of y?
7, 11
Let b = 0 - -33. List the prime factors of b.
3, 11
Let f(z) = -5*z + 12. List the prime factors of f(-8).
2, 13
Let o(b) = 3*b - 6. Let f be o(7). Suppose f = -0*q + q. What are the prime factors of q?
3, 5
Let r(b) = b**2 + 4*b - 7. Let y be r(-7). Suppose o = 2*g - 1, y = 3*g + o - 5*o. List the prime factors of g/(-9) - 133/(-9).
3, 5
Let z = 15 + 25. What are the prime factors of z?
2, 5
Suppose -2*w = 5*p + 17, 3*w + 4 + 5 = -2*p. Let k = w + 1. Let o = 5 + k. What are the prime factors of o?
5
Let v be (1 - 3)/(2/4). Let m(d) = d**3 + 2*d**2 - 8*d + 2. Let w(k) = -k. Let z(o) = -m(o) + 4*w(o). What are the prime factors of z(v)?
2, 7
Suppose -f = -5*f. Suppose f = -2*j + 4*s + 54, 5*j - 4*s - 10 = 95. What are the prime factors of j?
17
Suppose -2*t = -32 - 100. List the prime factors of t.
2, 3, 11
Let d = -1 + 5. Suppose -5 = -3*g + d, -4*x = 4*g - 48. Suppose -x + 29 = 4*t. List the prime factors of t.
5
List the prime factors of 3 + 447/21 - (-10)/(-35).
2, 3
Suppose 0 = 5*o - 6 + 16. Let z(x) = -7*x - 2. Let q be z(-2). Let p = o + q. What are the prime factors of p?
2, 5
Suppose o - 2*g = 3*g + 14, 0 = 5*o + 4*g - 70. What are the prime factors of o?
2, 7
Suppose -2*u + 5*u = 0. Suppose 0 = 5*o - k - 161, -3*o + 4*o + 3*k - 29 = u. List the prime factors of o.
2
Let h(i) = 12*i**2 + 14*i. List the prime factors of h(-5).
2, 5, 23
What are the prime factors of 199/2*(-4)/(-6 + 4)?
199
Suppose 0 = 3*z + 5*f - 31, -4*f = -4*z - 8 - 4. Suppose 0 = z*n - n - 52. What are the prime factors of n?
2, 13
Let t = 1 - -3. Suppose t*s - 2*g = s + 12, s + 5*g + 13 = 0. Suppose -1 = -s*w + 15. List the prime factors of w.
2
What are the prime factors of 162/36*316/6?
3, 79
Let z(r) = r**3 + 9*r**2 + 10*r + 8. Let f be z(-8). Let k = f + 28. What are the prime factors of k?
2, 5
Suppose 5*m - 2*j - 384 = -4*j, -4*m + 321 = -3*j. List the prime factors of m*((-7)/(-3) - 2).
2, 13
Let f(y) = -y**3 - 4*y + 2*y**2 + 13 - 8 + 5*y**2. List the prime factors of f(4).
37
Let q(t) = t**2 + 5. Let f(j) = 2*j**2 + 6. Let g(k) = -2*f(k) + 3*q(k). Suppose -2*h = -6*h. Li